ppose 5*b - 8265 = -2*p, -3*b - 2*p = -7*p - 4928. Suppose -b = -7*r + 120. Is r a prime number?
False
Let f be ((-16)/(-40))/((-4)/(-180)). Suppose -10*p + f*p = 5960. Is p a prime number?
False
Let t be 6*1/3*20. Let n be 10/t + 5086/8. Suppose 4*o = -2*m + n, 5*o = 4*m - m + 773. Is o a composite number?
False
Suppose -4*i + 43117 = r + 2*r, r - 14404 = 5*i. Let o = r - 9994. Suppose o = -10*c + 15*c. Is c prime?
True
Suppose 0 = -10*m + 13*m - 6. Suppose 2*x + m*x - 1552 = 0. Suppose -7*j = -x - 1257. Is j prime?
False
Let p = -610728 + 915017. Is p a composite number?
True
Let a(l) be the first derivative of -33*l**2/2 - 5*l - 1. Let r(p) = -199*p - 4. Let i be r(0). Is a(i) a prime number?
True
Suppose -u - 3*s + 19996 = 3692, 0 = -2*u - 5*s + 32611. Is u a composite number?
True
Let y = 113 + -109. Is 4 + y/8*2 - -16668 composite?
False
Suppose 5*g + 19 = 199. Let w = g + -46. Is ((-1058)/3)/(w/15) a prime number?
False
Let b(h) = 3*h - 4. Let c be b(-3). Let y be (17 + c)*(-5)/(-4). Suppose -p + y = 0, -3*l + 0*p = 3*p - 498. Is l prime?
False
Let a(g) = 1936*g - 31. Let k be a(10). Suppose 0 = -3*m - u + 29006, -m = m - u - k. Is m a prime number?
False
Let g be -8 + 470 - 1*-4. Suppose 0*l - 2*u + g = 2*l, -l = -2*u - 242. Let i = l - 133. Is i a prime number?
True
Let p(q) = 16*q**2 - 21*q - 40. Let s be p(-18). Suppose 541 = -17*l + s. Is l a composite number?
False
Suppose 0 = 4*i + 6 + 2. Is 0 - (i/(-14) - 23888/28) prime?
True
Let i(n) = 109*n - 12 + 33*n**2 + 4 - 112*n. Let h(w) = -w**2 + w + 9. Let k be h(4). Is i(k) composite?
True
Let q = 669 - 646. Suppose 31*u = q*u + 481672. Is u composite?
False
Let z be 4/(-10) + (-259)/(-185). Let p be -1 + z + (-1)/(-3)*0. Is (p + -118)*632/(-16) composite?
True
Let x be -1*(-8 + (-4)/(-1)). Suppose 5*p - 4*w = 4084, -7*p + x*p + 2447 = w. Let d = p + -379. Is d composite?
True
Let q(h) = -h**3 - 4*h**2 - 4*h. Suppose -2*y + 2 - 1 = l, -5 = 3*l + 2*y. Let n be q(l). Is 6128/60*n + (-3)/(-5) a prime number?
True
Let z(s) = -15581*s - 9302. Is z(-9) a composite number?
False
Suppose 5*h = x - 22063 - 4915, -5*x + 4*h = -134827. Is x prime?
False
Suppose q - 207193 = 3*l, -383270 = -5*q - 2*l + 652559. Is q a prime number?
True
Let h(d) = -3863*d**2 + 8016*d**2 + 79 - 3998*d**2 - 4*d. Is h(8) composite?
False
Let m(x) = 5343*x + 6112. Is m(7) a prime number?
False
Let u(s) = -298*s + 146. Let g be u(-19). Let n = g + -3647. Is n a composite number?
False
Suppose -6*a + 5*o = -2*a + 157, -227 = 5*a + 4*o. Let v be (3 + -1 - a)/(4/4). Suppose 4*d - 143 = -3*p, -3*p + 4*p + 2*d = v. Is p a composite number?
False
Suppose -20*a + p - 84342 = -25*a, -4*a + 67461 = 5*p. Is a prime?
False
Is -103451*(-10 - (-90)/10) a prime number?
True
Let z = -8959 + 2754. Let w = -758 - z. Is w a prime number?
False
Is 114258 - (-16 + 11 - -4) prime?
True
Is (-4 - 32*-2126)*(-8 - (-363)/44) a composite number?
True
Suppose -4*l - 5*s = 994 - 27375, 32940 = 5*l - s. Is l composite?
True
Is (190471/4)/(1 + 231/44 + -6) a prime number?
True
Suppose 12*u - 12 = 12. Suppose -2*f - 3*h + 866 = u*f, -5*f - 2*h + 1079 = 0. Is f a composite number?
True
Is (661767/2)/(-20*33/(-440)) a prime number?
True
Let t be -8 - -5 - 1*-3. Suppose 3*m + 2*m - 1910 = t. Suppose 0 = -z, 2*z = -2*c + 3*z + m. Is c prime?
True
Suppose 2*y + 855519 = 3*v, 228*y = 230*y. Is v a prime number?
False
Let a(l) = 93*l**2 - 5*l + 51. Is a(-14) a prime number?
False
Let n be (-252)/(-210) + 14/5. Suppose -3*z = 4*y - 137129, 0 = -5*z + n*y + y + 228525. Is z prime?
True
Suppose -5*s + 359422 = -4*a + 1315181, 2*a - 477869 = -s. Suppose 21*l - a - 141563 = 0. Is l a composite number?
False
Is (6/(-9))/((-2551388)/425229 + 6) a prime number?
True
Suppose -b - 3*r = 3 - 2, 2*b - 5*r - 20 = 0. Is ((-1559)/2)/(b/(-10)) a composite number?
False
Let b(k) = -2*k**3 + 24*k**2 - 21*k - 5. Let y be b(11). Suppose 33*a - 9531 = y*a. Is a composite?
False
Let a be (3/(-1))/(114/76) + 1. Is (-11202)/a - (-8)/(-40)*-5 prime?
False
Is (-26)/65*((-2554605)/(-6))/(-9) a prime number?
False
Let b = 449 - 430. Suppose b*p - 8*p = 2321. Is p prime?
True
Suppose -33*n + 1407572 + 852037 = 0. Is n prime?
True
Suppose 0 = -5*b + 2*k + 22, -2*b = -0*b + k - 7. Suppose -5*j + 456 + 229 = -b*c, -5*j + 685 = 5*c. Let p = -42 + j. Is p a composite number?
True
Let k(x) = 16887*x**2 - 16*x - 249. Is k(-8) prime?
True
Is ((-16)/(-4))/(104/10469966) composite?
False
Let v(o) be the second derivative of 213*o**5/2 + 2*o**4/3 + o**3/3 + o**2/2 + 23*o. Let i(c) = c**2. Let q(a) = 6*i(a) - v(a). Is q(-1) prime?
True
Let t = 19713 + 298910. Is t a prime number?
False
Suppose 77*n - 1912364 = 16*n - 7*n. Is n a composite number?
False
Suppose 5*y - 3*g - 45 = 0, -33 = -99*y + 96*y + 3*g. Suppose 7217 + 3325 = y*h. Is h prime?
False
Suppose -539508 = -5*o - 2*h, 4*o - 4*h = o + 323710. Is o a prime number?
False
Let d(q) = 12*q**2 - 435*q - 26. Is d(-15) prime?
True
Let f be 6/(-24) - 66/(-8). Suppose -3*a = -5*t - 17, -t + 4*a + f = -2*t. Is (-17351)/t + (5 - 184/32) prime?
True
Suppose 25*o = 659 + 391. Suppose -50*g + o*g = -84472. Is g a prime number?
True
Suppose 4*q - p - 264152 = 0, 140*p - 141*p + 198107 = 3*q. Is q a prime number?
True
Suppose -280*k = -281*k + 12782. Suppose -2*f + 5*b - k = -5*f, 4294 = f - 5*b. Is f a composite number?
True
Is ((-2)/17 + (-84668008)/136)*(-15 + 14) a composite number?
True
Let n(s) be the second derivative of s**3/2 + 5*s**2/2 - 12*s. Let h be n(-2). Is (-2 - (0 + h)) + 692 prime?
True
Let h(u) = -u**2 - 11*u. Let p = 49 - 60. Let m be h(p). Suppose m = -4*b + 525 - 49. Is b prime?
False
Suppose 3*c = -v + 8, 3*v - 4*v = 5*c - 14. Suppose -24 = -i + 8*s - 3*s, -3*i = c*s. Suppose 736 = k - 4*h - 69, 2*k = i*h + 1598. Is k a composite number?
True
Let v be 22/(-8) - (-33)/44. Let x be (8/3 + v)/((-2)/(-6)). Suppose x*h - 563 = 731. Is h composite?
False
Let m = 18 + -12. Suppose -102 = -10*r + 44*r. Is r/(-1)*118/m composite?
False
Let d(k) = -22. Let m(c) = -c + 1. Let a(z) = d(z) - m(z). Let s be a(20). Is (-2)/s + (-2684)/(-6) + -3 a prime number?
False
Let i = 785201 + -472660. Is i composite?
True
Let d(i) = -26*i - 14*i + 221*i**2 + 51 + 37*i. Is d(5) prime?
False
Is 86685/(-30)*-10 - -12 a composite number?
True
Suppose i + 5*o - 368 = o, -748 = -2*i + 4*o. Suppose 0 = 2*c + 106 - i. Is c a composite number?
True
Let k(w) = w**2 + 1. Let p(a) = -82*a**2 - 2*a - 6. Let m(n) = -6*k(n) - p(n). Let f be m(2). Suppose 0*u + f = 4*u. Is u a prime number?
False
Let s(o) = 8*o**3 - 18*o**2 - 28*o + 589. Is s(36) a composite number?
True
Let k = 78 - 52. Suppose 0 = -k*i - 15890 + 78992. Is i a composite number?
True
Suppose 13*b = -145*b + 22551814. Is b a composite number?
False
Let l(s) = 11*s - 17. Let x be l(2). Suppose x*a - 54 - 6 = 0. Suppose -a*y = -10*y - 982. Is y a composite number?
False
Let l(k) = 22*k**2 - 5*k - 14. Suppose 35*b - 38*b - 9 = 0. Is l(b) a composite number?
False
Let s = 80338 - 48521. Is s a composite number?
False
Let x = 15493 + -133. Let h = x - -7379. Is h composite?
False
Let s = -874 - -143. Let m = s - -1062. Is m a prime number?
True
Let k(o) = 310 + 0*o**3 - 284 - 9*o**2 + 4*o - o**3. Is k(-16) a prime number?
False
Let a = 1063560 - 426151. Is a a composite number?
False
Let q(a) = -447*a + 50. Suppose u + 18 = -5*g, -4*u + 2*g = 10 - 4. Is q(u) composite?
True
Let q = 1110904 - 600585. Is q a prime number?
True
Let k = 138 - 141. Is ((k/2)/1)/(1/(-1318)) a composite number?
True
Let g(a) = 41*a**2 + 26*a + 98. Is g(-13) a prime number?
True
Suppose -217 = -10*o - 157. Is (5 - 27/o)/((-3)/(-3786)) a prime number?
True
Suppose -2 = 8*y - 7*y. Let c be 7*1 - (0 + 1 - y). Is 174 - 16/(c/(-1)) composite?
True
Suppose -53154145 = -39*s - 24*s + 36377738. Is s composite?
False
Suppose v + 3*f - 15 = 0, 2*v - 3*f - 3 = -0*f. Suppose 0 = 14*a - 9184 - 34902. Suppose 5*p - a = 2*b, -v*b = -4*b - 6. Is p a prime number?
True
Let p(j) = 6*j**3 - 40*j**2 - 30*j - 15. Is p(22) a prime number?
True
Suppose -4*a + a = -531. Suppose -a = 7*q - 16. Let z = q - -168. Is z composite?
True
Suppose 5279*f = 5291*f - 9249684. Is f a composite number?
True
Let u(v) be the first derivative of -7*v**3/3 + 5*v**2 + 4